{"id":26,"date":"2017-10-21T09:51:23","date_gmt":"2017-10-21T09:51:23","guid":{"rendered":"http:\/\/www.laroriket.com\/globalamal\/?page_id=26"},"modified":"2017-10-21T15:43:07","modified_gmt":"2017-10-21T15:43:07","slug":"kontakt","status":"publish","type":"page","link":"https:\/\/laroriket.com\/globalamal\/kontakt\/","title":{"rendered":"Kontakt"},"content":{"rendered":"<p>[vc_row][vc_column][vc_column_text]<\/p>\n<p style=\"padding-left: 30px;\"><span style=\"font-size: 14pt; color: #20ba18;\">Kontakt<\/span><\/p>\n<p style=\"text-align: justify; padding-left: 30px;\">Vill du komma i kontakt med oss g\u00e5r det bra att mejla <a href=\"mailto:info@laroriket.com\" target=\"_blank\" rel=\"noopener\">info@laroriket.com<\/a><\/p>\n<p style=\"text-align: justify; padding-left: 30px;\">\u00c4r du intresserad av att k\u00f6pa sagoboken i tryckt form s\u00e5 g\u00e5r det att g\u00f6ra h\u00e4r: <a href=\"mailto:info@laroriket.com\" target=\"_blank\" rel=\"noopener\">info@laroriket.com<\/a><\/p>\n<p style=\"text-align: justify; padding-left: 30px;\">Uppdrag jorden \u00e4r ett l\u00e4romedel som \u00e4r utvecklat av L\u00e4roriket. Mer information om l\u00e4roriket hittar du h\u00e4r:&nbsp;<a href=\"http:\/\/www.laroriket.com\" target=\"_blank\" rel=\"noopener\">www.laroriket.com<\/a><\/p>\n<p style=\"text-align: justify; padding-left: 30px;\">Vill du veta mer om FNs globala m\u00e5l kan du g\u00e5 in p\u00e5 <a href=\"http:\/\/www.globalamalen.se\" target=\"_blank\" rel=\"noopener\">www.globalamalen.se<\/a><\/p>\n<p>[\/vc_column_text][\/vc_column][\/vc_row]<\/p>\n","protected":false},"excerpt":{"rendered":"<p>[vc_row][vc_column][vc_column_text] Kontakt Vill du komma i kontakt med oss g\u00e5r det bra att mejla info@laroriket.com \u00c4r du intresserad av att k\u00f6pa sagoboken i tryckt form s\u00e5 g\u00e5r det att g\u00f6ra h\u00e4r: info@laroriket.com Uppdrag jorden \u00e4r ett l\u00e4romedel som \u00e4r utvecklat av L\u00e4roriket. Mer information om l\u00e4roriket hittar du h\u00e4r:&nbsp;www.laroriket.com Vill du veta mer om FNs [&hellip;]<\/p>\n","protected":false},"author":1,"featured_media":0,"parent":0,"menu_order":0,"comment_status":"closed","ping_status":"open","template":"","meta":{"_mi_skip_tracking":false,"_monsterinsights_sitenote_active":false,"_monsterinsights_sitenote_note":"","_monsterinsights_sitenote_category":0},"jetpack_shortlink":"https:\/\/wp.me\/P9qcfI-q","_links":{"self":[{"href":"https:\/\/laroriket.com\/globalamal\/wp-json\/wp\/v2\/pages\/26"}],"collection":[{"href":"https:\/\/laroriket.com\/globalamal\/wp-json\/wp\/v2\/pages"}],"about":[{"href":"https:\/\/laroriket.com\/globalamal\/wp-json\/wp\/v2\/types\/page"}],"author":[{"embeddable":true,"href":"https:\/\/laroriket.com\/globalamal\/wp-json\/wp\/v2\/users\/1"}],"replies":[{"embeddable":true,"href":"https:\/\/laroriket.com\/globalamal\/wp-json\/wp\/v2\/comments?post=26"}],"version-history":[{"count":0,"href":"https:\/\/laroriket.com\/globalamal\/wp-json\/wp\/v2\/pages\/26\/revisions"}],"wp:attachment":[{"href":"https:\/\/laroriket.com\/globalamal\/wp-json\/wp\/v2\/media?parent=26"}],"curies":[{"name":"wp","href":"https:\/\/api.w.org\/{rel}","templated":true}]}}